{"id":2163,"date":"2014-10-29T21:59:33","date_gmt":"2014-10-29T21:59:33","guid":{"rendered":"http:\/\/frederickcleverly.com\/playa-del-ingles-gran-canaria\/?page_id=983"},"modified":"2020-12-14T17:31:45","modified_gmt":"2020-12-14T17:31:45","slug":"location-stylist-2","status":"publish","type":"page","link":"https:\/\/frederickcleverly.com\/playa-del-ingles-gran-canaria\/de\/location-stylist-2\/","title":{"rendered":"Vor Ort Stylist"},"content":{"rendered":"<p>\u00a0<\/p>\n<p dir=\"ltr\"><strong>On Location Stylist f\u00fcr F<\/strong>otografie-Arbeiten, Mode-Events, Hochzeiten und Fernsehen.<\/p>\n<p>\u00a0<\/p>\n<p dir=\"ltr\" style=\"text-align: left;\"><a href=\"http:\/\/frederickcleverly.com\/wp-content\/uploads\/2014\/10\/utstilling-9.jpg\"><img loading=\"lazy\" decoding=\"async\" class=\"wp-image-984 aligncenter\" style=\"border: 10px solid black; margin-top: 10px; margin-bottom: 10px;\" src=\"http:\/\/frederickcleverly.com\/wp-content\/uploads\/2014\/10\/utstilling-9.jpg\" alt=\"utstilling-9\" width=\"420\" height=\"294\" srcset=\"https:\/\/frederickcleverly.com\/wp-content\/uploads\/2014\/10\/utstilling-9.jpg 1000w, https:\/\/frederickcleverly.com\/wp-content\/uploads\/2014\/10\/utstilling-9-300x210.jpg 300w\" sizes=\"(max-width: 420px) 100vw, 420px\" \/><\/a><em>Frederick Cleverly Friseur bietet sowohl Haare als auch Make-up im Salon oder vor Ort.<\/em><\/p>\n<p><a href=\"http:\/\/frederickcleverly.com\/wp-content\/uploads\/2014\/10\/301163_219423634778626_121097277944596_511472_770056435_n.jpg\"><img loading=\"lazy\" decoding=\"async\" class=\"size-medium wp-image-985 alignright alignleft\" style=\"border: 10px solid black; margin-top: 10px; margin-bottom: 10px;\" src=\"http:\/\/frederickcleverly.com\/wp-content\/uploads\/2014\/10\/301163_219423634778626_121097277944596_511472_770056435_n-200x300.jpg\" alt=\"301163_219423634778626_121097277944596_511472_770056435_n\" width=\"200\" height=\"300\" srcset=\"https:\/\/frederickcleverly.com\/wp-content\/uploads\/2014\/10\/301163_219423634778626_121097277944596_511472_770056435_n-200x300.jpg 200w, https:\/\/frederickcleverly.com\/wp-content\/uploads\/2014\/10\/301163_219423634778626_121097277944596_511472_770056435_n.jpg 480w\" sizes=\"(max-width: 200px) 100vw, 200px\" \/><\/a><\/p>\n<p dir=\"ltr\">Wenn Sie auf der Suche nach einem Stylisten k\u00f6nnen wir viel f\u00fcr Sie tun, k\u00f6nnen wir Haare oder Make-up oder beides tun. Wir haben viel Erfahrung in der Arbeit auf Laufstegen, B\u00fchnenshows, Karnevalsveranstaltungen oder Beauty-Shootings. Wir wissen, dass Teamarbeit unerl\u00e4sslich ist, und wir freuen uns sehr, in Ihrem Team zu arbeiten.<\/p>\n<blockquote>\n<p dir=\"ltr\">Vielleicht haben wir sogar tolle Ideen f\u00fcr Sie.<\/p>\n<\/blockquote>\n<p><img loading=\"lazy\" decoding=\"async\" class=\"size-medium wp-image-986 alignright\" style=\"border: 10px solid black; margin: 10px;\" src=\"http:\/\/frederickcleverly.com\/wp-content\/uploads\/2014\/10\/utstilling-2-4-300x168.jpg\" alt=\"utstilling-2-4\" width=\"300\" height=\"168\" srcset=\"https:\/\/frederickcleverly.com\/wp-content\/uploads\/2014\/10\/utstilling-2-4-300x168.jpg 300w, https:\/\/frederickcleverly.com\/wp-content\/uploads\/2014\/10\/utstilling-2-4.jpg 1000w\" sizes=\"(max-width: 300px) 100vw, 300px\" \/><\/p>\n<p dir=\"ltr\"><a href=\"http:\/\/frederickcleverly.com\/wp-content\/uploads\/2014\/10\/055-DIA4-REDKEN-fotos-nachourbon-MODACALIDA2014-Canarias.jpg\"><img loading=\"lazy\" decoding=\"async\" class=\"size-medium wp-image-987 alignleft\" style=\"border: 10px solid black; margin: 10px;\" src=\"http:\/\/frederickcleverly.com\/wp-content\/uploads\/2014\/10\/055-DIA4-REDKEN-fotos-nachourbon-MODACALIDA2014-Canarias-300x199.jpg\" alt=\"055-DIA4-REDKEN-fotos -nachourbon-MODACALIDA2014-Canarias\" width=\"300\" height=\"199\" srcset=\"https:\/\/frederickcleverly.com\/wp-content\/uploads\/2014\/10\/055-DIA4-REDKEN-fotos-nachourbon-MODACALIDA2014-Canarias-300x199.jpg 300w, https:\/\/frederickcleverly.com\/wp-content\/uploads\/2014\/10\/055-DIA4-REDKEN-fotos-nachourbon-MODACALIDA2014-Canarias-1024x681.jpg 1024w, https:\/\/frederickcleverly.com\/wp-content\/uploads\/2014\/10\/055-DIA4-REDKEN-fotos-nachourbon-MODACALIDA2014-Canarias-207x136.jpg 207w, https:\/\/frederickcleverly.com\/wp-content\/uploads\/2014\/10\/055-DIA4-REDKEN-fotos-nachourbon-MODACALIDA2014-Canarias-140x94.jpg 140w\" sizes=\"(max-width: 300px) 100vw, 300px\" \/><\/a><\/p>\n<p dir=\"ltr\">Es gibt so viel Spa\u00df auf Gran Canary zu haben, aber es kann Eine Herausforderung sein, wenn es um Film und Fotografie geht.<\/p>\n<p dir=\"ltr\">Feuchtigkeit, Sonne, Wind, sogar Sprache k\u00f6nnen zu einem Hindernis f\u00fcr Ihren Erfolg werden. Erfahrene Handwerker vor Ort sparen Ihnen Zeit und Geld.<\/p>\n<p>\u00a0<\/p>\n<p dir=\"ltr\"><a href=\"http:\/\/frederickcleverly.com\/wp-content\/uploads\/2014\/10\/025-DIA3-REDKEN-fotos-nachourbon-MODACALIDA2014-Canarias.jpg\"><img loading=\"lazy\" decoding=\"async\" class=\" wp-image-988 alignright\" style=\"border: 10px solid black; margin: 10px;\" src=\"http:\/\/frederickcleverly.com\/wp-content\/uploads\/2014\/10\/025-DIA3-REDKEN-fotos-nachourbon-MODACALIDA2014-Canarias-681x1024.jpg\" alt=\"025-DIA3-REDKEN-fotos -nachourbon-MODACALIDA2014-Canarias\" width=\"356\" height=\"534\" srcset=\"https:\/\/frederickcleverly.com\/wp-content\/uploads\/2014\/10\/025-DIA3-REDKEN-fotos-nachourbon-MODACALIDA2014-Canarias-681x1024.jpg 681w, https:\/\/frederickcleverly.com\/wp-content\/uploads\/2014\/10\/025-DIA3-REDKEN-fotos-nachourbon-MODACALIDA2014-Canarias-199x300.jpg 199w\" sizes=\"(max-width: 356px) 100vw, 356px\" \/><\/a><\/p>\n<blockquote>\n<p dir=\"ltr\">Vor Ort ist die Arbeit da, wo wir wirklich gl\u00e4nzen. Wir lieben es einfach.<\/p>\n<\/blockquote>\n<p dir=\"ltr\">Wenn Sie also positive Energie auf Ihre B\u00fchne, Ihr B\u00fchnen-, B\u00fchnen-, Studio- oder wo auch immer bringen m\u00f6chten, sind wir bereit, sie zur Verf\u00fcgung zu stellen.<\/p>\n<p>F\u00fcr weitere Informationen und Angebote wenden Sie sich bitte <strong>an glam@frederickcle<\/strong>verly.com oder rufen Sie 0034 609 938 267 an.<\/p>\n","protected":false},"excerpt":{"rendered":"<p>\u00a0 On Location Stylist f\u00fcr Fotografie-Arbeiten, Mode-Events, Hochzeiten und Fernsehen. \u00a0 Frederick Cleverly Friseur bietet sowohl Haare als auch Make-up im Salon oder vor Ort. Wenn Sie auf der Suche nach einem Stylisten k\u00f6nnen wir viel f\u00fcr Sie tun, k\u00f6nnen wir Haare oder Make-up oder beides tun. Wir haben viel Erfahrung in der Arbeit auf [&hellip;]<\/p>\n","protected":false},"author":2,"featured_media":331,"parent":0,"menu_order":0,"comment_status":"open","ping_status":"open","template":"","meta":{"_et_pb_use_builder":"","_et_pb_old_content":"","_et_gb_content_width":"","footnotes":""},"class_list":["post-2163","page","type-page","status-publish","has-post-thumbnail","hentry","wp-image-borders"],"_links":{"self":[{"href":"https:\/\/frederickcleverly.com\/playa-del-ingles-gran-canaria\/wp-json\/wp\/v2\/pages\/2163"}],"collection":[{"href":"https:\/\/frederickcleverly.com\/playa-del-ingles-gran-canaria\/wp-json\/wp\/v2\/pages"}],"about":[{"href":"https:\/\/frederickcleverly.com\/playa-del-ingles-gran-canaria\/wp-json\/wp\/v2\/types\/page"}],"author":[{"embeddable":true,"href":"https:\/\/frederickcleverly.com\/playa-del-ingles-gran-canaria\/wp-json\/wp\/v2\/users\/2"}],"replies":[{"embeddable":true,"href":"https:\/\/frederickcleverly.com\/playa-del-ingles-gran-canaria\/wp-json\/wp\/v2\/comments?post=2163"}],"version-history":[{"count":1,"href":"https:\/\/frederickcleverly.com\/playa-del-ingles-gran-canaria\/wp-json\/wp\/v2\/pages\/2163\/revisions"}],"predecessor-version":[{"id":2259,"href":"https:\/\/frederickcleverly.com\/playa-del-ingles-gran-canaria\/wp-json\/wp\/v2\/pages\/2163\/revisions\/2259"}],"wp:featuredmedia":[{"embeddable":true,"href":"https:\/\/frederickcleverly.com\/playa-del-ingles-gran-canaria\/wp-json\/wp\/v2\/media\/331"}],"wp:attachment":[{"href":"https:\/\/frederickcleverly.com\/playa-del-ingles-gran-canaria\/wp-json\/wp\/v2\/media?parent=2163"}],"curies":[{"name":"wp","href":"https:\/\/api.w.org\/{rel}","templated":true}]}}